[INFO] fetching crate imagefile 0.1.0...
[INFO] checking imagefile-0.1.0 against try#72f88fc4e9458f89516a0b8b0868f3718aec5b47 for pr-74989
[INFO] extracting crate imagefile 0.1.0 into /workspace/builds/worker-13/source
[INFO] validating manifest of crates.io crate imagefile 0.1.0 on toolchain 72f88fc4e9458f89516a0b8b0868f3718aec5b47
[INFO] running `Command { std: "/workspace/cargo-home/bin/cargo" "+72f88fc4e9458f89516a0b8b0868f3718aec5b47" "read-manifest" "--manifest-path" "Cargo.toml", kill_on_drop: false }`
[INFO] started tweaking crates.io crate imagefile 0.1.0
[INFO] finished tweaking crates.io crate imagefile 0.1.0
[INFO] tweaked toml for crates.io crate imagefile 0.1.0 written to /workspace/builds/worker-13/source/Cargo.toml
[INFO] running `Command { std: "/workspace/cargo-home/bin/cargo" "+72f88fc4e9458f89516a0b8b0868f3718aec5b47" "generate-lockfile" "--manifest-path" "Cargo.toml" "-Zno-index-update", kill_on_drop: false }`
[INFO] running `Command { std: "/workspace/cargo-home/bin/cargo" "+72f88fc4e9458f89516a0b8b0868f3718aec5b47" "fetch" "--locked" "--manifest-path" "Cargo.toml", kill_on_drop: false }`
[INFO] running `Command { std: "docker" "create" "-v" "/var/lib/crater-agent-workspace/builds/worker-13/target:/opt/rustwide/target:rw,Z" "-v" "/var/lib/crater-agent-workspace/builds/worker-13/source:/opt/rustwide/workdir:ro,Z" "-v" "/var/lib/crater-agent-workspace/cargo-home:/opt/rustwide/cargo-home:ro,Z" "-v" "/var/lib/crater-agent-workspace/rustup-home:/opt/rustwide/rustup-home:ro,Z" "-e" "SOURCE_DIR=/opt/rustwide/workdir" "-e" "CARGO_TARGET_DIR=/opt/rustwide/target" "-e" "CARGO_HOME=/opt/rustwide/cargo-home" "-e" "RUSTUP_HOME=/opt/rustwide/rustup-home" "-w" "/opt/rustwide/workdir" "-m" "1610612736" "--user" "0:0" "--network" "none" "rustops/crates-build-env@sha256:d92eaeed33fa75130ca1ee6c8a01d1ffb62bac859dfdfb3450e3e5d1c0146529" "/opt/rustwide/cargo-home/bin/cargo" "+72f88fc4e9458f89516a0b8b0868f3718aec5b47" "metadata" "--no-deps" "--format-version=1", kill_on_drop: false }`
[INFO] [stderr] WARNING: Your kernel does not support swap limit capabilities or the cgroup is not mounted. Memory limited without swap.
[INFO] [stdout] db419d94aae78fe6fb5ef8642f1993ece53d931c6a7c332934f1b9d9c89fa987
[INFO] running `Command { std: "docker" "start" "-a" "db419d94aae78fe6fb5ef8642f1993ece53d931c6a7c332934f1b9d9c89fa987", kill_on_drop: false }`
[INFO] running `Command { std: "docker" "inspect" "db419d94aae78fe6fb5ef8642f1993ece53d931c6a7c332934f1b9d9c89fa987", kill_on_drop: false }`
[INFO] running `Command { std: "docker" "rm" "-f" "db419d94aae78fe6fb5ef8642f1993ece53d931c6a7c332934f1b9d9c89fa987", kill_on_drop: false }`
[INFO] [stdout] db419d94aae78fe6fb5ef8642f1993ece53d931c6a7c332934f1b9d9c89fa987
[INFO] running `Command { std: "docker" "create" "-v" "/var/lib/crater-agent-workspace/builds/worker-13/target:/opt/rustwide/target:rw,Z" "-v" "/var/lib/crater-agent-workspace/builds/worker-13/source:/opt/rustwide/workdir:ro,Z" "-v" "/var/lib/crater-agent-workspace/cargo-home:/opt/rustwide/cargo-home:ro,Z" "-v" "/var/lib/crater-agent-workspace/rustup-home:/opt/rustwide/rustup-home:ro,Z" "-e" "SOURCE_DIR=/opt/rustwide/workdir" "-e" "CARGO_TARGET_DIR=/opt/rustwide/target" "-e" "CARGO_INCREMENTAL=0" "-e" "RUST_BACKTRACE=full" "-e" "RUSTFLAGS=--cap-lints=forbid" "-e" "CARGO_HOME=/opt/rustwide/cargo-home" "-e" "RUSTUP_HOME=/opt/rustwide/rustup-home" "-w" "/opt/rustwide/workdir" "-m" "1610612736" "--user" "0:0" "--network" "none" "rustops/crates-build-env@sha256:d92eaeed33fa75130ca1ee6c8a01d1ffb62bac859dfdfb3450e3e5d1c0146529" "/opt/rustwide/cargo-home/bin/cargo" "+72f88fc4e9458f89516a0b8b0868f3718aec5b47" "check" "--frozen" "--all" "--all-targets" "--message-format=json", kill_on_drop: false }`
[INFO] [stdout] 7d21b6a3e6b530e15865268091d04424df8e82a759ebc270b2be2797bef47845
[INFO] [stderr] WARNING: Your kernel does not support swap limit capabilities or the cgroup is not mounted. Memory limited without swap.
[INFO] running `Command { std: "docker" "start" "-a" "7d21b6a3e6b530e15865268091d04424df8e82a759ebc270b2be2797bef47845", kill_on_drop: false }`
[INFO] [stderr]    Compiling byteorder v1.3.4
[INFO] [stderr]     Checking imagefile v0.1.0 (/opt/rustwide/workdir)
[INFO] [stdout] error[E0433]: failed to resolve: could not find `Error` in `byteorder`
[INFO] [stdout]   --> src/lib.rs:82:24
[INFO] [stdout]    |
[INFO] [stdout] 82 |             byteorder::Error::UnexpectedEOF => ImgfileError::ImageEnd,
[INFO] [stdout]    |                        ^^^^^ could not find `Error` in `byteorder`
[INFO] [stdout] 
[INFO] [stdout] 
[INFO] [stdout] error[E0433]: failed to resolve: could not find `Error` in `byteorder`
[INFO] [stdout]   --> src/lib.rs:83:24
[INFO] [stdout]    |
[INFO] [stdout] 83 |             byteorder::Error::Io(err) => ImgfileError::IoError(err),
[INFO] [stdout]    |                        ^^^^^ could not find `Error` in `byteorder`
[INFO] [stdout] 
[INFO] [stdout] 
[INFO] [stdout] error[E0532]: expected tuple struct or tuple variant, found unit variant `ImgfileError::NotEnoughData`
[INFO] [stdout]   --> src/lib.rs:59:13
[INFO] [stdout]    |
[INFO] [stdout] 59 |             ImgfileError::NotEnoughData(..) => &"Not enough data",
[INFO] [stdout]    |             ^^^^^^^^^^^^^^^^^^^^^^^^^^^ not a tuple struct or tuple variant
[INFO] [stdout] 
[INFO] [stdout] 
[INFO] [stdout] error[E0412]: cannot find type `Error` in crate `byteorder`
[INFO] [stdout]   --> src/lib.rs:79:22
[INFO] [stdout]    |
[INFO] [stdout] 79 | impl From<byteorder::Error> for ImgfileError {
[INFO] [stdout]    |                      ^^^^^ not found in `byteorder`
[INFO] [stdout]    |
[INFO] [stdout] help: consider importing one of these items
[INFO] [stdout]    |
[INFO] [stdout] 9  | use fmt::Error;
[INFO] [stdout]    |
[INFO] [stdout] 9  | use io::Error;
[INFO] [stdout]    |
[INFO] [stdout] 9  | use std::error::Error;
[INFO] [stdout]    |
[INFO] [stdout] 
[INFO] [stdout] 
[INFO] [stdout] error[E0412]: cannot find type `Error` in crate `byteorder`
[INFO] [stdout]   --> src/lib.rs:80:29
[INFO] [stdout]    |
[INFO] [stdout] 80 |     fn from(err: byteorder::Error) -> ImgfileError {
[INFO] [stdout]    |                             ^^^^^ not found in `byteorder`
[INFO] [stdout]    |
[INFO] [stdout] help: consider importing one of these items
[INFO] [stdout]    |
[INFO] [stdout] 9  | use fmt::Error;
[INFO] [stdout]    |
[INFO] [stdout] 9  | use io::Error;
[INFO] [stdout]    |
[INFO] [stdout] 9  | use std::error::Error;
[INFO] [stdout]    |
[INFO] [stdout] 
[INFO] [stdout] 
[INFO] [stdout] warning: use of deprecated macro `try`: use the `?` operator instead
[INFO] [stdout]   --> src/decoder.rs:19:9
[INFO] [stdout]    |
[INFO] [stdout] 19 |         try!(r.seek(SeekFrom::Start(0)));
[INFO] [stdout]    |         ^^^
[INFO] [stdout]    |
[INFO] [stdout]    = note: `#[warn(deprecated)]` on by default
[INFO] [stdout] 
[INFO] [stdout] 
[INFO] [stdout] warning: use of deprecated macro `try`: use the `?` operator instead
[INFO] [stdout]   --> src/decoder.rs:21:9
[INFO] [stdout]    |
[INFO] [stdout] 21 |         try!(r.read_exact(head));
[INFO] [stdout]    |         ^^^
[INFO] [stdout] 
[INFO] [stdout] 
[INFO] [stdout] warning: use of deprecated macro `try`: use the `?` operator instead
[INFO] [stdout]   --> src/decoder.rs:51:9
[INFO] [stdout]    |
[INFO] [stdout] 51 |         try!(self.r.seek(SeekFrom::Start(offset)));
[INFO] [stdout]    |         ^^^
[INFO] [stdout] 
[INFO] [stdout] 
[INFO] [stdout] warning: use of deprecated macro `try`: use the `?` operator instead
[INFO] [stdout]   --> src/decoder.rs:52:9
[INFO] [stdout]    |
[INFO] [stdout] 52 |         try!(self.r.read_exact(&mut buf[..row_len]));
[INFO] [stdout]    |         ^^^
[INFO] [stdout] 
[INFO] [stdout] 
[INFO] [stdout] warning: use of deprecated macro `try`: use the `?` operator instead
[INFO] [stdout]   --> src/decoder.rs:58:9
[INFO] [stdout]    |
[INFO] [stdout] 58 |         try!(self.r.seek(SeekFrom::Start(HEADER_LEN)));
[INFO] [stdout]    |         ^^^
[INFO] [stdout] 
[INFO] [stdout] 
[INFO] [stdout] warning: use of deprecated macro `try`: use the `?` operator instead
[INFO] [stdout]   --> src/decoder.rs:61:9
[INFO] [stdout]    |
[INFO] [stdout] 61 |         try!(self.r.read_exact(&mut buf));
[INFO] [stdout]    |         ^^^
[INFO] [stdout] 
[INFO] [stdout] 
[INFO] [stdout] warning: use of deprecated macro `try`: use the `?` operator instead
[INFO] [stdout]   --> src/encoder.rs:16:9
[INFO] [stdout]    |
[INFO] [stdout] 16 |         try!(w.write_all("imagefile".as_bytes()));
[INFO] [stdout]    |         ^^^
[INFO] [stdout] 
[INFO] [stdout] 
[INFO] [stdout] warning: use of deprecated macro `try`: use the `?` operator instead
[INFO] [stdout]   --> src/encoder.rs:17:9
[INFO] [stdout]    |
[INFO] [stdout] 17 |         try!(w.write_u32::<BigEndian>(width));
[INFO] [stdout]    |         ^^^
[INFO] [stdout] 
[INFO] [stdout] 
[INFO] [stdout] warning: use of deprecated macro `try`: use the `?` operator instead
[INFO] [stdout]   --> src/encoder.rs:18:9
[INFO] [stdout]    |
[INFO] [stdout] 18 |         try!(w.write_u32::<BigEndian>(height));
[INFO] [stdout]    |         ^^^
[INFO] [stdout] 
[INFO] [stdout] 
[INFO] [stdout] warning: use of deprecated macro `try`: use the `?` operator instead
[INFO] [stdout]   --> src/encoder.rs:19:9
[INFO] [stdout]    |
[INFO] [stdout] 19 |         try!(w.write_all(data));
[INFO] [stdout]    |         ^^^
[INFO] [stdout] 
[INFO] [stdout] 
[INFO] [stdout] warning: trait objects without an explicit `dyn` are deprecated
[INFO] [stdout]   --> src/lib.rs:65:33
[INFO] [stdout]    |
[INFO] [stdout] 65 |     fn cause (&self) -> Option<&Error> {
[INFO] [stdout]    |                                 ^^^^^ help: use `dyn`: `dyn Error`
[INFO] [stdout]    |
[INFO] [stdout]    = note: `#[warn(bare_trait_objects)]` on by default
[INFO] [stdout] 
[INFO] [stdout] 
[INFO] [stdout] error[E0433]: failed to resolve: could not find `Error` in `byteorder`
[INFO] [stdout]   --> src/lib.rs:82:24
[INFO] [stdout]    |
[INFO] [stdout] 82 |             byteorder::Error::UnexpectedEOF => ImgfileError::ImageEnd,
[INFO] [stdout]    |                        ^^^^^ could not find `Error` in `byteorder`
[INFO] [stdout] 
[INFO] [stdout] 
[INFO] [stdout] error[E0433]: failed to resolve: could not find `Error` in `byteorder`
[INFO] [stdout]   --> src/lib.rs:83:24
[INFO] [stdout]    |
[INFO] [stdout] 83 |             byteorder::Error::Io(err) => ImgfileError::IoError(err),
[INFO] [stdout]    |                        ^^^^^ could not find `Error` in `byteorder`
[INFO] [stdout] 
[INFO] [stdout] 
[INFO] [stdout] error[E0532]: expected tuple struct or tuple variant, found unit variant `ImgfileError::NotEnoughData`
[INFO] [stdout]   --> src/lib.rs:59:13
[INFO] [stdout]    |
[INFO] [stdout] 59 |             ImgfileError::NotEnoughData(..) => &"Not enough data",
[INFO] [stdout]    |             ^^^^^^^^^^^^^^^^^^^^^^^^^^^ not a tuple struct or tuple variant
[INFO] [stdout] 
[INFO] [stdout] 
[INFO] [stdout] error[E0412]: cannot find type `Error` in crate `byteorder`
[INFO] [stdout]   --> src/lib.rs:79:22
[INFO] [stdout]    |
[INFO] [stdout] 79 | impl From<byteorder::Error> for ImgfileError {
[INFO] [stdout]    |                      ^^^^^ not found in `byteorder`
[INFO] [stdout]    |
[INFO] [stdout] help: consider importing one of these items
[INFO] [stdout]    |
[INFO] [stdout] 9  | use fmt::Error;
[INFO] [stdout]    |
[INFO] [stdout] 9  | use io::Error;
[INFO] [stdout]    |
[INFO] [stdout] 9  | use std::error::Error;
[INFO] [stdout]    |
[INFO] [stdout] 
[INFO] [stdout] 
[INFO] [stdout] error[E0412]: cannot find type `Error` in crate `byteorder`
[INFO] [stdout]   --> src/lib.rs:80:29
[INFO] [stdout]    |
[INFO] [stdout] 80 |     fn from(err: byteorder::Error) -> ImgfileError {
[INFO] [stdout]    |                             ^^^^^ not found in `byteorder`
[INFO] [stdout]    |
[INFO] [stdout] help: consider importing one of these items
[INFO] [stdout]    |
[INFO] [stdout] 9  | use fmt::Error;
[INFO] [stdout]    |
[INFO] [stdout] 9  | use io::Error;
[INFO] [stdout]    |
[INFO] [stdout] 9  | use std::error::Error;
[INFO] [stdout]    |
[INFO] [stdout] 
[INFO] [stdout] 
[INFO] [stdout] warning: use of deprecated macro `try`: use the `?` operator instead
[INFO] [stdout]   --> src/decoder.rs:19:9
[INFO] [stdout]    |
[INFO] [stdout] 19 |         try!(r.seek(SeekFrom::Start(0)));
[INFO] [stdout]    |         ^^^
[INFO] [stdout]    |
[INFO] [stdout]    = note: `#[warn(deprecated)]` on by default
[INFO] [stdout] 
[INFO] [stdout] 
[INFO] [stdout] warning: use of deprecated macro `try`: use the `?` operator instead
[INFO] [stdout]   --> src/decoder.rs:21:9
[INFO] [stdout]    |
[INFO] [stdout] 21 |         try!(r.read_exact(head));
[INFO] [stdout]    |         ^^^
[INFO] [stdout] 
[INFO] [stdout] 
[INFO] [stdout] warning: use of deprecated macro `try`: use the `?` operator instead
[INFO] [stdout]   --> src/decoder.rs:51:9
[INFO] [stdout]    |
[INFO] [stdout] 51 |         try!(self.r.seek(SeekFrom::Start(offset)));
[INFO] [stdout]    |         ^^^
[INFO] [stdout] 
[INFO] [stdout] 
[INFO] [stdout] warning: use of deprecated macro `try`: use the `?` operator instead
[INFO] [stdout]   --> src/decoder.rs:52:9
[INFO] [stdout]    |
[INFO] [stdout] 52 |         try!(self.r.read_exact(&mut buf[..row_len]));
[INFO] [stdout]    |         ^^^
[INFO] [stdout] 
[INFO] [stdout] 
[INFO] [stdout] warning: use of deprecated macro `try`: use the `?` operator instead
[INFO] [stdout]   --> src/decoder.rs:58:9
[INFO] [stdout]    |
[INFO] [stdout] 58 |         try!(self.r.seek(SeekFrom::Start(HEADER_LEN)));
[INFO] [stdout]    |         ^^^
[INFO] [stdout] 
[INFO] [stdout] 
[INFO] [stdout] warning: use of deprecated macro `try`: use the `?` operator instead
[INFO] [stdout]   --> src/decoder.rs:61:9
[INFO] [stdout]    |
[INFO] [stdout] 61 |         try!(self.r.read_exact(&mut buf));
[INFO] [stdout]    |         ^^^
[INFO] [stdout] 
[INFO] [stdout] 
[INFO] [stdout] warning: use of deprecated macro `try`: use the `?` operator instead
[INFO] [stdout]   --> src/encoder.rs:16:9
[INFO] [stdout]    |
[INFO] [stdout] 16 |         try!(w.write_all("imagefile".as_bytes()));
[INFO] [stdout]    |         ^^^
[INFO] [stdout] 
[INFO] [stdout] 
[INFO] [stdout] warning: use of deprecated macro `try`: use the `?` operator instead
[INFO] [stdout]   --> src/encoder.rs:17:9
[INFO] [stdout]    |
[INFO] [stdout] 17 |         try!(w.write_u32::<BigEndian>(width));
[INFO] [stdout]    |         ^^^
[INFO] [stdout] 
[INFO] [stdout] 
[INFO] [stdout] warning: use of deprecated macro `try`: use the `?` operator instead
[INFO] [stdout]   --> src/encoder.rs:18:9
[INFO] [stdout]    |
[INFO] [stdout] 18 |         try!(w.write_u32::<BigEndian>(height));
[INFO] [stdout]    |         ^^^
[INFO] [stdout] 
[INFO] [stdout] 
[INFO] [stdout] warning: use of deprecated macro `try`: use the `?` operator instead
[INFO] [stdout]   --> src/encoder.rs:19:9
[INFO] [stdout]    |
[INFO] [stdout] 19 |         try!(w.write_all(data));
[INFO] [stdout]    |         ^^^
[INFO] [stdout] 
[INFO] [stdout] 
[INFO] [stdout] warning: trait objects without an explicit `dyn` are deprecated
[INFO] [stdout]   --> src/lib.rs:65:33
[INFO] [stdout]    |
[INFO] [stdout] 65 |     fn cause (&self) -> Option<&Error> {
[INFO] [stdout]    |                                 ^^^^^ help: use `dyn`: `dyn Error`
[INFO] [stdout]    |
[INFO] [stdout]    = note: `#[warn(bare_trait_objects)]` on by default
[INFO] [stdout] 
[INFO] [stdout] 
[INFO] [stdout] error: aborting due to 5 previous errors; 11 warnings emitted
[INFO] [stdout] 
[INFO] [stdout] 
[INFO] [stdout] Some errors have detailed explanations: E0412, E0433, E0532.
[INFO] [stdout] 
[INFO] [stdout] For more information about an error, try `rustc --explain E0412`.
[INFO] [stdout] 
[INFO] [stderr] error: could not compile `imagefile`.
[INFO] [stderr] 
[INFO] [stderr] To learn more, run the command again with --verbose.
[INFO] [stderr] warning: build failed, waiting for other jobs to finish...
[INFO] [stdout] error[E0599]: no variant or associated item named `UnexpectedEOF` found for enum `ErrorKind` in the current scope
[INFO] [stdout]    --> src/decoder.rs:104:43
[INFO] [stdout]     |
[INFO] [stdout] 104 |                 if e.kind() == ErrorKind::UnexpectedEOF {
[INFO] [stdout]     |                                           ^^^^^^^^^^^^^
[INFO] [stdout]     |                                           |
[INFO] [stdout]     |                                           variant or associated item not found in `ErrorKind`
[INFO] [stdout]     |                                           help: there is a variant with a similar name (notice the capitalization): `UnexpectedEof`
[INFO] [stdout] 
[INFO] [stdout] 
[INFO] [stdout] error[E0599]: no variant or associated item named `UnexpectedEOF` found for enum `ErrorKind` in the current scope
[INFO] [stdout]    --> src/decoder.rs:122:43
[INFO] [stdout]     |
[INFO] [stdout] 122 |                 if e.kind() == ErrorKind::UnexpectedEOF {
[INFO] [stdout]     |                                           ^^^^^^^^^^^^^
[INFO] [stdout]     |                                           |
[INFO] [stdout]     |                                           variant or associated item not found in `ErrorKind`
[INFO] [stdout]     |                                           help: there is a variant with a similar name (notice the capitalization): `UnexpectedEof`
[INFO] [stdout] 
[INFO] [stdout] 
[INFO] [stdout] error: aborting due to 7 previous errors; 11 warnings emitted
[INFO] [stdout] 
[INFO] [stdout] 
[INFO] [stdout] Some errors have detailed explanations: E0412, E0433, E0532, E0599.
[INFO] [stdout] 
[INFO] [stdout] For more information about an error, try `rustc --explain E0412`.
[INFO] [stdout] 
[INFO] [stderr] error: build failed
[INFO] running `Command { std: "docker" "inspect" "7d21b6a3e6b530e15865268091d04424df8e82a759ebc270b2be2797bef47845", kill_on_drop: false }`
[INFO] running `Command { std: "docker" "rm" "-f" "7d21b6a3e6b530e15865268091d04424df8e82a759ebc270b2be2797bef47845", kill_on_drop: false }`
[INFO] [stdout] 7d21b6a3e6b530e15865268091d04424df8e82a759ebc270b2be2797bef47845
